a multiple of 52?
True
Is 301440 a multiple of 7?
False
Is 22 a factor of 759026444?
True
Is 193324321 a multiple of 88?
False
Does 154 divide 46139170?
True
Is 550952988 a multiple of 262?
True
Is 6 a factor of 569221097?
False
Is 44 a factor of 41536924?
True
Is 76963380 a multiple of 316?
True
Does 21 divide 565038012?
True
Is 1722788747 a multiple of 429?
False
Is 291959911 a multiple of 47?
True
Is 8 a factor of 851104676?
False
Does 4358 divide 2921511675?
False
Does 164 divide 745961236?
False
Is 4198 a factor of 399045088?
True
Is 106 a factor of 134971708?
True
Is 393 a factor of 288371889?
False
Is 1785 a factor of 4405380?
True
Does 6 divide 49522265?
False
Is 942 a factor of 254388984?
True
Is 616 a factor of 26229280?
True
Is 99614376 a multiple of 7?
False
Is 103472570 a multiple of 5?
True
Is 249410205 a multiple of 43?
False
Is 155982248 a multiple of 192?
False
Does 421 divide 1209048008?
True
Is 2257 a factor of 334929772?
True
Does 152 divide 9984880?
True
Does 58 divide 803993816?
False
Does 739 divide 38416176?
True
Does 57 divide 90846116?
False
Is 3 a factor of 381750?
True
Does 7 divide 28891996?
True
Is 242 a factor of 33553058?
True
Is 85 a factor of 17982794?
False
Does 36 divide 907901?
False
Is 759 a factor of 131928621?
True
Is 1609081794 a multiple of 6582?
True
Is 10 a factor of 1327161?
False
Is 63011124 a multiple of 45?
False
Does 721 divide 249944577?
False
Is 15 a factor of 81062355?
True
Does 490 divide 2412191303?
False
Does 96 divide 422357472?
True
Is 203 a factor of 14165945?
False
Does 10 divide 193731085?
False
Is 748 a factor of 246861692?
True
Does 24 divide 100308583?
False
Is 1109662704 a multiple of 117?
False
Is 58 a factor of 232977409?
False
Is 531 a factor of 1043248008?
False
Does 34 divide 1446379019?
False
Does 307 divide 296860313?
False
Is 187238040 a multiple of 83?
True
Is 44170308 a multiple of 52?
True
Is 39 a factor of 717786349?
False
Is 178190848 a multiple of 928?
True
Does 135 divide 21135292?
False
Does 29 divide 19448038?
True
Is 53 a factor of 203914945?
False
Does 222 divide 113547672?
True
Does 48 divide 24724967?
False
Does 14 divide 77096740?
True
Does 36 divide 513969840?
True
Is 1671 a factor of 24840998?
False
Is 25 a factor of 219441807?
False
Is 752 a factor of 2432196608?
True
Is 1515 a factor of 209718364?
False
Is 744452994 a multiple of 2?
True
Does 114 divide 30774164?
False
Is 172 a factor of 157764764?
True
Is 3358522156 a multiple of 1691?
True
Is 2 a factor of 410620?
True
Is 64858886 a multiple of 606?
False
Is 144682544 a multiple of 914?
True
Does 29 divide 521691760?
False
Is 5798463 a multiple of 277?
False
Is 354371365 a multiple of 238?
False
Does 936 divide 80548141?
False
Is 20636314 a multiple of 1354?
True
Does 1714 divide 406063740?
True
Does 65 divide 2219214865?
False
Does 13 divide 248693666?
True
Does 7 divide 2801911?
True
Is 389 a factor of 69219022?
False
Is 150551060 a multiple of 44?
True
Does 8266 divide 882071139?
False
Is 123802560 a multiple of 144?
True
Is 17 a factor of 5129700?
False
Is 3931095990 a multiple of 73?
True
Is 40 a factor of 152213960?
True
Is 19717822 a multiple of 2?
True
Is 2406853576 a multiple of 488?
True
Does 23 divide 102970701?
True
Is 73 a factor of 1243971997?
False
Is 254755804 a multiple of 74?
True
Does 112 divide 81199055?
False
Is 6372 a factor of 1196232855?
False
Is 5933 a factor of 2920502940?
False
Is 27 a factor of 29205738?
True
Is 1495 a factor of 65331500?
True
Does 323 divide 558724431?
True
Does 847 divide 1318579108?
True
Is 1729 a factor of 547984073?
True
Is 270 a factor of 6989627?
False
Does 23 divide 955299411?
True
Does 3 divide 258065163?
True
Is 1547 a factor of 21423142?
False
Is 36031688 even?
True
Is 10 a factor of 6638218?
False
Is 17369520 a multiple of 633?
True
Is 36946326 a multiple of 23?
True
Is 2260737 a multiple of 37?
True
Is 327897618 a multiple of 187?
False
Is 431 a factor of 8914074?
False
Is 55 a factor of 6117518?
False
Is 184957080 a multiple of 7?
True
Does 698 divide 461219554?
True
Is 1198205676 a multiple of 12?
True
Does 550 divide 583803892?
False
Is 60904101 a multiple of 33?
False
Does 3 divide 6760631?
False
Is 197487136 a multiple of 25?
False
Is 1143633499 a multiple of 35?
False
Is 461805 a multiple of 85?
True
Is 907775742 a multiple of 39?
False
Does 9739 divide 876001395?
False
Is 57970560 a multiple of 1090?
True
Is 276487550 a multiple of 50?
True
Does 236 divide 53485624?
True
Is 4772 a factor of 37300291?
False
Does 439 divide 65471143?
True
Is 64 a factor of 3288065?
False
Is 153158865 a multiple of 22?
False
Is 113897314 a multiple of 15?
False
Is 722 a factor of 587984526?
True
Is 11376023 a multiple of 9?
False
Is 2 a factor of 10442006?
True
Is 850 a factor of 58296462?
False
Does 1756 divide 469083792?
True
Is 2020 a factor of 365581620?
True
Is 63 a factor of 16063425?
True
Is 26 a factor of 4277364?
True
Does 4657 divide 247679382?
False
Is 5401911921 a multiple of 39?
False
Is 836212575 a multiple of 561?
True
Does 81 divide 113009983?
False
Does 2318 divide 407177703?
False
Is 115974722 a multiple of 352?
False
Does 1073 divide 30948427?
False
Does 1131 divide 184912286?
False
Is 103985163 a multiple of 2004?
False
Is 52 a factor of 909153076?
True
Does 451 divide 5971530?
False
Is 270869832 a multiple of 34?
False
Is 2047 a factor of 54327380?
True
Is 10 a factor of 99452220?
True
Does 4 divide 11707556?
True
Is 11 a factor of 717608793?
True
Is 5056 a factor of 62788076?
False
Is 207874674 a multiple of 378?
True
Does 49 divide 31512730?
False
Does 769 divide 385413613?
False
Is 17 a factor of 164981966?
False
Does 7 divide 65920246?
True
Is 180 a factor of 35442232?
False
Is 441590832 a multiple of 12?
True
Does 365 divide 30915135?
True
Does 8 divide 21424712?
True
Does 52 divide 15932464?
False
Is 36 a factor of 625606882?
False
Is 150 a factor of 35840908?
False
Does 30 divide 43425403?
False
Does 4069 divide 603094973?
True
Is 37 a factor of 173187710?
False
Does 142 divide 4074146?
False
Is 29 a factor of 449549300?
True
Is 4 a factor of 354765?
False
Is 34104658 a multiple of 1153?
False
Is 18 a factor of 904878?
True
Is 1209784836 a multiple of 6976?
False
Does 18 divide 544620528?
True
Does 14 divide 126450428?
False
Is 798 a factor of 525601842?
False
Is 26766570 a multiple of 2002?
False
Is 143 a factor of 66093313?
True
Is 19 a factor of 3062386?
False
Does 265 divide 15590449?
False
Does 866 divide 418610544?
True
Is 820 a factor of 12146131?
False
Is 42 a factor of 12274614?
False
Is 2310693220 a multiple of 2869?
False
Does 54 divide 21358296?
True
Does 49 divide 15036385?
True
Is 2206822906 a multiple of 19?
True
Does 87 divide 9117240?
False
Is 10440987 a multiple of 13?
False
Does 13 divide 7824661?
True
Does 67 divide 276930195?
False
Is 10652462 a multiple of 8?
False
Is 7 a factor of 231427217?
True
Is 6644820 a multiple of 7?
True
Does 376 divide 1014063?
False
Is 469007755 a multiple of 1399?
True
Is 30702100 a multiple of 286?
True
Does 77 divide 139970541?
False
Is 794 a factor of 1020339221?
False
Is 37428754 a multiple of 22?
True
Does 9 divide 2481577132?
False
Is 3749234550 a multiple of 2697?
True
Is 82 a factor of 93516486?
False
Is 4559517 a multiple of 261?
False
Is 10 a factor of 189766680?
True
Is 8 a factor of 155408614?
False
Is 4 a factor of 23786040?
True
Does 37 divide 184056093?
True
Is 2503658080 a multiple of 14?
True
Does 19 divide 1079882?
False
Does 51 divide 1274321326?
False
Is 2834899 a multiple of 2?
False
Does 1095 divide 93837031?
False
Does 25 divide 388983211?
False
Is 90 a factor of 72464937?
False
Does 8 divide 93451007?
False
Is 824 a factor of 928830928?
True
Does 17 divide 20924391?
False
Is 139583906 a multiple of 517?
False
Is 930841 a multiple of 317?
False
Is 14996112 a multiple of 604?
True
Does 1635 divide 297398325?
True
Does 42 divide 86047374?
True
Is 335 a factor of 22928981?
False
Does 171 divide 144424206?
True
Is 74 a factor of 25494924?
True
Is 270117420 a multiple of 274?
True
Does 6 divide 69194159?
False
Is 540 a factor of 23461606?
False
Is 1744 a factor of 57689776?
True
Is 15 a factor of 4384416?
False
Does 1006 divide 197705156?
True
Does 307 divide